 26 is divided by 1.
0
Calculate the remainder when 602 is divided by 11.
8
What is the remainder when 725 is divided by 225?
50
What is the remainder when 7160 is divided by 2382?
14
Calculate the remainder when 3611 is divided by 12.
11
What is the remainder when 687 is divided by 15?
12
What is the remainder when 917 is divided by 20?
17
Calculate the remainder when 3946 is divided by 94.
92
Calculate the remainder when 173 is divided by 41.
9
What is the remainder when 824 is divided by 42?
26
What is the remainder when 187 is divided by 48?
43
Calculate the remainder when 101 is divided by 95.
6
What is the remainder when 62 is divided by 60?
2
Calculate the remainder when 398 is divided by 199.
0
What is the remainder when 297 is divided by 20?
17
Calculate the remainder when 493 is divided by 44.
9
Calculate the remainder when 44 is divided by 8.
4
What is the remainder when 122 is divided by 12?
2
What is the remainder when 962 is divided by 46?
42
Calculate the remainder when 1802 is divided by 86.
82
Calculate the remainder when 46 is divided by 22.
2
Calculate the remainder when 4938 is divided by 11.
10
What is the remainder when 27466 is divided by 6?
4
Calculate the remainder when 489 is divided by 21.
6
What is the remainder when 263 is divided by 126?
11
Calculate the remainder when 252 is divided by 5.
2
Calculate the remainder when 1306 is divided by 119.
116
Calculate the remainder when 255 is divided by 86.
83
Calculate the remainder when 1352 is divided by 334.
16
What is the remainder when 283 is divided by 8?
3
What is the remainder when 1227 is divided by 158?
121
Calculate the remainder when 52 is divided by 16.
4
Calculate the remainder when 400 is divided by 106.
82
What is the remainder when 37001 is divided by 29?
26
What is the remainder when 283 is divided by 21?
10
Calculate the remainder when 64 is divided by 48.
16
What is the remainder when 20831 is divided by 13?
5
Calculate the remainder when 286 is divided by 130.
26
Calculate the remainder when 46 is divided by 25.
21
Calculate the remainder when 74 is divided by 25.
24
Calculate the remainder when 726 is divided by 14.
12
Calculate the remainder when 129 is divided by 38.
15
Calculate the remainder when 114 is divided by 18.
6
Calculate the remainder when 1300 is divided by 187.
178
What is the remainder when 261 is divided by 88?
85
Calculate the remainder when 3232 is divided by 66.
64
What is the remainder when 489 is divided by 124?
117
What is the remainder when 522 is divided by 16?
10
What is the remainder when 558 is divided by 3?
0
Calculate the remainder when 599 is divided by 39.
14
Calculate the remainder when 3618 is divided by 328.
10
Calculate the remainder when 65 is divided by 17.
14
Calculate the remainder when 1303 is divided by 224.
183
What is the remainder when 35 is divided by 11?
2
What is the remainder when 755 is divided by 38?
33
What is the remainder when 60 is divided by 8?
4
What is the remainder when 49 is divided by 5?
4
What is the remainder when 287 is divided by 65?
27
What is the remainder when 156 is divided by 56?
44
Calculate the remainder when 856 is divided by 92.
28
What is the remainder when 1752 is divided by 6?
0
Calculate the remainder when 427 is divided by 69.
13
What is the remainder when 1169 is divided by 130?
129
Calculate the remainder when 385 is divided by 102.
79
Calculate the remainder when 699 is divided by 98.
13
Calculate the remainder when 8185 is divided by 303.
4
What is the remainder when 167 is divided by 88?
79
What is the remainder when 335 is divided by 17?
12
Calculate the remainder when 177 is divided by 36.
33
What is the remainder when 436 is divided by 19?
18
Calculate the remainder when 21325 is divided by 344.
341
Calculate the remainder when 165 is divided by 28.
25
What is the remainder when 461 is divided by 14?
13
Calculate the remainder when 160 is divided by 55.
50
Calculate the remainder when 8192 is divided by 149.
146
Calculate the remainder when 1149 is divided by 39.
18
What is the remainder when 55 is divided by 14?
13
Calculate the remainder when 1280 is divided by 426.
2
Calculate the remainder when 217 is divided by 186.
31
What is the remainder when 44 is divided by 22?
0
Calculate the remainder when 215 is divided by 24.
23
Calculate the remainder when 1079 is divided by 19.
15
Calculate the remainder when 899 is divided by 20.
19
Calculate the remainder when 283 is divided by 146.
137
Calculate the remainder when 48 is divided by 19.
10
Calculate the remainder when 7546 is divided by 68.
66
Calculate the remainder when 319 is divided by 57.
34
Calculate the remainder when 38878 is divided by 432.
430
What is the remainder when 4572 is divided by 2274?
24
What is the remainder when 2695 is divided by 90?
85
Calculate the remainder when 101 is divided by 13.
10
Calculate the remainder when 47 is divided by 6.
5
Calculate the remainder when 1462 is divided by 485.
7
Calculate the remainder when 264 is divided by 128.
8
Calculate the remainder when 138 is divided by 44.
6
What is the remainder when 255 is divided by 31?
7
What is the remainder when 194 is divided by 39?
38
Calculate the remainder when 48 is divided by 7.
6
Calculate the remainder when 318 is divided by 12.
6
Calculate the remainder when 9254 is divided by 13.
11
Calculate the remainder when 22 is divided by 4.
2
What is the remainder when 178 is divided by 45?
43
Calculate the remainder when 933 is divided by 158.
143
What is the remainder when 39 is divided by 15?
9
Calculate the remainder when 872 is divided by 52.
40
Calculate the remainder when 778 is divided by 384.
10
What is the remainder when 1671 is divided by 67?
63
What is the remainder when 17 is divided by 7?
3
Calculate the remainder when 609 is divided by 13.
11
Calculate the remainder when 499 is divided by 130.
109
Calculate the remainder when 5933 is divided by 112.
109
What is the remainder when 42 is divided by 4?
2
What is the remainder when 390 is divided by 47?
14
Calculate the remainder when 466 is divided by 13.
11
What is the remainder when 150 is divided by 12?
6
Calculate the remainder when 145 is divided by 87.
58
Calculate the remainder when 22 is divided by 12.
10
Calculate the remainder when 1842 is divided by 77.
71
What is the remainder when 86 is divided by 7?
2
What is the remainder when 298 is divided by 60?
58
Calculate the remainder when 181 is divided by 31.
26
What is the remainder when 1902 is divided by 592?
126
Calculate the remainder when 195 is divided by 79.
37
Calculate the remainder when 392 is divided by 103.
83
What is the remainder when 240 is divided by 111?
18
What is the remainder when 97 is divided by 38?
21
Calculate the remainder when 11482 is divided by 132.
130
What is the remainder when 832 is divided by 29?
20
What is the remainder when 9799 is divided by 140?
139
Calculate the remainder when 149 is divided by 8.
5
What is the remainder when 3902 is divided by 11?
8
What is the remainder when 1209 is divided by 241?
4
What is the remainder when 557 is divided by 112?
109
What is the remainder when 674 is divided by 166?
10
Calculate the remainder when 917 is divided by 40.
37
What is the remainder when 83 is divided by 74?
9
What is the remainder when 27 is divided by 8?
3
Calculate the remainder when 1155 is divided by 192.
3
Calculate the remainder when 9258 is divided by 197.
196
Calculate the remainder when 72 is divided by 11.
6
What is the remainder when 10823 is divided by 25?
23
What is the remainder when 397 is divided by 69?
52
Calculate the remainder when 39 is divided by 4.
3
What is the remainder when 426 is divided by 103?
14
What is the remainder when 778 is divided by 65?
63
What is the remainder when 1579 is divided by 427?
298
What is the remainder when 1203 is divided by 5?
3
Calculate the remainder when 461 is divided by 156.
149
What is the remainder when 58 is divided by 18?
4
Calculate the remainder when 148 is divided by 19.
15
What is the remainder when 1349 is divided by 113?
106
What is the remainder when 443 is divided by 108?
11
Calculate the remainder when 701 is divided by 9.
8
Calculate the remainder when 245 is divided by 82.
81
What is the remainder w